 - 17*p. Give n(2).
15
Let g(v) = -2*v - 10. Let m be (20/(-8))/(19/(-190)). Suppose 4*s + 3 = -m. Give g(s).
4
Let o(p) = 11*p - 5. Suppose -164*a + 145 = -65*a - 53. Determine o(a).
17
Let j be (-28)/((-4)/32*4). Let w be (j/112)/(2/(-12)). Let a(x) = 7*x - 8. Let c(l) = 6*l - 7. Let d(k) = 5*a(k) - 6*c(k). Calculate d(w).
5
Let x(l) = -129*l**2 + 333162*l + 128*l**2 - 333158*l. Suppose 5*i - 10 = 3*i. Calculate x(i).
-5
Suppose -5*f + 28 - 8 = 0. Let h(a) be the first derivative of 2*a - 1/3*a**3 - 2 + 2*a**2. Give h(f).
2
Let g be 130/(-3)*60/50. Let w be 13/g - 41/(-4). Let c(u) = -4*u**2 + 0*u + 6*u - w*u + 5*u**2. Determine c(3).
-3
Let x(q) = -5*q**2 - 4*q - 10. Let s(c) = -2*c**2 - c - 3. Suppose 3*w + 26 = -2*n, -3*w + 5*n = -7*w - 37. Let u(g) = w*s(g) + 3*x(g). Give u(5).
-1
Let z(t) = t**2 + 4*t - 10. Let n be (-58)/(-14) - (-37)/(-259). Let h be ((n - 3) + -11)*3/6. Give z(h).
-5
Let o(y) = 2 - 22 + 1871*y - 1880*y. Give o(-6).
34
Let q(b) = 0*b**2 + 14520 + 4*b**2 + 5*b - b**3 - 14524. Let d(c) = 4*c**2 - 2*c + 2. Let w be d(1). Give q(w).
16
Let s(z) = 2*z**3 + 4*z**2 + 3*z + 2. Suppose -4 = -3*b + 5. Suppose -3*j - b = -9. Let q be ((-8)/10)/(j/5). Calculate s(q).
-4
Suppose 4*j = -5*t + 32, 2*j + 4*t = 6*j + 4. Suppose -131 = 5*i - q - 146, -i = 5*q + 23. Let f(c) = i*c - 6*c - 2*c + j*c + c**2. Determine f(5).
10
Let u(c) = -c**3 + 4*c. Suppose -5*o = -125*o - 87*o + 828. Determine u(o).
-48
Let b(u) be the second derivative of u**5/20 + u**4/6 + u**3/3 - 19*u**2/2 + 2*u - 259. Calculate b(0).
-19
Let y be (-4)/6 - (-32)/(-6). Let k(w) = -3*w - 4 + 0*w + 0 + 6. Let a(g) = 2*g - 2. Let h(z) = y*a(z) - 5*k(z). Determine h(3).
11
Let u(r) be the second derivative of -2*r**3 - r**2/2 + r. Let q = 624 + -597. Suppose 29*o + q = 2*o. Calculate u(o).
11
Let x(h) = -5*h**2 - 3*h**3 + 0*h**3 + 2*h**3 + 2 - 2*h. Suppose 297 = -50*i + 47. What is x(i)?
12
Suppose -159*q = -169*q + 60. Let k = -11 + q. Let d(b) = b**3 + 7*b**2 + 5*b + 4. What is d(k)?
29
Let b(o) be the second derivative of -o**4/12 - 5*o**3/2 + 26*o**2 - 397*o - 2. Give b(3).
-2
Let s(o) = -12*o + 3. Let f be s(1). Let m(v) = -13 + 871*v**2 + v**3 + 883*v**2 - 11*v - 1746*v**2. Determine m(f).
5
Let h(z) = 3*z - 14*z + 4 + 9*z + 2*z + 5*z. What is h(-4)?
-16
Let l(g) be the second derivative of -g**5/20 + 3*g**4/4 + g**3/6 - 13*g**2/2 + 328*g. Suppose 2*y = 3*i - i - 10, -5*y = 2*i - 38. Calculate l(i).
-4
Let z(f) = -f**2 + 86*f - 1232. Let n be z(68). Let l(m) = m**2 + 3*m - 30. Give l(n).
10
Let w(d) be the first derivative of -d**4/2 - 4*d**3 + 5*d**2/2 - 2*d + 270. Let v(q) = -q**3 - 2*q**2 + 1. Let m(k) = -3*v(k) + w(k). Determine m(4).
-17
Let r(n) = -n**2 + 5*n + 3. Let p be r(5). Let o(m) be the first derivative of 3*m**2 - 2023. What is o(p)?
18
Let v(y) = -y**2 - y - 5. Let r be 36/(-54)*1/2*-15. Let b(n) = 12*n - 17. Let i be b(r). Let j = i + -43. What is v(j)?
-5
Let x(v) be the first derivative of v**5/60 + 7*v**4/24 - v**3/6 + v**2/2 + 105*v - 83. Let j(u) be the second derivative of x(u). Calculate j(-6).
-7
Let a be ((-7820)/238 + 32)/(6/28). Let h(s) = s**3 + 2*s**2 - 5*s + 4. What is h(a)?
-8
Let b(t) be the third derivative of 1/3*t**3 + 0 - 1/120*t**6 + t + 7/60*t**5 - 20*t**2 - 7/24*t**4. Calculate b(6).
-4
Let n(r) = -2*r - 1 - 5*r + r. Let l be ((-2)/6)/((-4)/(-156)). Let k(z) = -z - 12. Let f be k(l). What is n(f)?
-7
Let u(g) = 2*g + 3*g - 4*g. Suppose -3*c - s - 6 - 9 = 0, c + 3*s = 3. Let t be c - (75/(-5) + 6). Calculate u(t).
3
Let t(d) be the second derivative of 6 - 1/6*d**3 + 3*d + 9*d**2. Calculate t(0).
18
Let s(r) be the second derivative of -1/6*r**3 - 1/20*r**5 - 13*r + 0 - 1/2*r**4 - 3/2*r**2. Calculate s(-6).
3
Suppose 2*l - 24 = 2. Let c(r) = 2 + l*r + 3 - 7. Calculate c(-2).
-28
Suppose 8*a = 3*a - 25. Let x(f) be the third derivative of 1/12*f**5 - 24*f**2 + 0 - 2*f + 1/120*f**6 + 0*f**4 - 1/2*f**3. Determine x(a).
-3
Let a(p) = 2*p - 19. Let d = 486 - 470. Suppose 56 = -d*z + 216. What is a(z)?
1
Let p(j) = 4*j**2 - j + 1. Let n(d) = -d**3 - 3*d**2 - 2*d - 1. Let l be n(-3). Suppose 0 = l*o + 13 - 18. What is p(o)?
4
Suppose 3*p = j - 26, -134*p + 30 = 3*j - 137*p. Let g(f) = 2*f**3 - 5*f**2 + 8*f - 6. Calculate g(j).
6
Let y(w) = -w - 3. Let u = -289 + 280. Let m(z) = 2*z**2 + 16*z - 14. Let t be m(u). Give y(t).
-7
Let a(i) = -3*i + 55. Let c be a(11). Suppose u - 147 = c*u. Let t(s) = -s + 2*s - 4 + 1. What is t(u)?
-10
Let q(t) = -t**3 + 0 + 5*t - 2 - t + 4*t**2. Let h = -143771 - -143775. Determine q(h).
14
Let i be (5 - (-4)/(-8))/(2/4). Let h(m) = -12*m + 4*m - 4 + i*m. Give h(6).
2
Let f be ((-88)/77)/(40/(-70)). Let a(q) = -9*q**2 + 4*q + 2. Give a(f).
-26
Let x(p) be the third derivative of 0 + 1/10*p**5 + 2/3*p**3 + 1/120*p**6 - 20*p**2 + 1/12*p**4 + 0*p. Give x(-6).
-8
Let x(u) = -u**2 - 9*u + 3. Let f(b) = -4*b**2 + 19*b - 11. Let d(l) = 5*l**2 - 19*l + 12. Let j(c) = -6*d(c) - 7*f(c). Let y(a) = 3*j(a) - 7*x(a). Give y(-6).
-6
Let s = -2714 - -2712. Let c(h) = -6*h**2 - h**2 + 5*h**2 + h - 2*h**3. Calculate c(s).
6
Let w(v) = 46*v**3 + 10*v**2 - 5*v + 17. Let r(s) = 104*s**3 + 18*s**2 - 11*s + 34. Let f(z) = -4*r(z) + 9*w(z). What is f(9)?
8
Let m(t) = -t + 1. Suppose 9*w - 2*w - 49 = 0. Suppose -3*u - w*n + 14 = -6*n, -u - 4*n + 23 = 0. Suppose -u*v - 24 = -7*v. What is m(v)?
-5
Let d(f) = -f**2 - 10*f - 9. Let b be -4*(-4 + (-1)/(4/(-8))). Let l be (-90)/b + (-2)/(-8). What is d(l)?
-20
Let i(x) = 6*x - 3. Let o be (-102)/(-30) - 3/(-5). Suppose -o*s = -5*s + 95. Let y be s/35 + 2/7. Calculate i(y).
15
Let d(m) = m**3 + 31*m**2 + 25*m - 11. Let z be d(-30). Let j = -137 + z. Let p(y) = -y**2 + 2*y - 2. Give p(j).
-2
Let a(u) = 9*u**2 - 10*u + 139. Let h(x) = 11*x**2 - 12*x + 138. Let n(k) = -6*a(k) + 5*h(k). Let z(p) be the first derivative of n(p). Give z(3).
6
Let u(p) be the second derivative of -p**4/12 - 31*p**3/6 + 63*p**2/2 + 16*p - 1. Let t be u(-33). Let j(r) = r**3 + 3*r**2 - 3*r - 4. Calculate j(t).
5
Let o(s) be the third derivative of 26*s**2 - 1/60*s**5 + 0*s - 1/12*s**4 + 0 - 4/3*s**3. Determine o(0).
-8
Suppose 5*u - 46*s + 31 = -47*s, 5*s + 11 = -u. Let i(n) = -6*n - 9. Calculate i(u).
27
Let i(x) = -5*x + 27190*x**3 + 1006 - 1001 - 4*x**2 + 8*x**2 - 27192*x**3. Suppose 0 = -4*j - j + 10. Determine i(j).
-5
Let b(o) = 6*o - 50. Let k(m) = -7*m + 60. Let d(r) = 5*b(r) + 4*k(r). What is d(3)?
-4
Let s(i) be the second derivative of i**5/60 - 3*i**4/8 + 7*i**3/6 - 11*i**2/2 + 2*i + 70. Let c(y) be the first derivative of s(y). What is c(5)?
-13
Let z(o) = 12*o - 36. Let n be z(3). Let u be (-81)/36*(16/(-6) - n). Let r(d) = -d**3 + 5*d**2 + 4*d + 5. What is r(u)?
-7
Let q(c) = c**2 - 10*c + 2. Let y(j) = -2*j**2 + 26*j - 1. Let d be y(13). Let h(x) = 9*x**2 + 11*x + 12. Let r be h(d). What is q(r)?
2
Suppose 53*x = 49*x + 3*k + 57, 3*x = -5*k + 21. Let j(v) = v**3 - 11*v**2 - 13*v + 29. Calculate j(x).
17
Let q(b) = b**3 + 6*b**2 - 9*b - 10. Suppose 145 = -f + 5*k, -2*f + 19*k = 14*k + 265. Let y be -1*5/2*(-336)/f. Determine q(y).
4
Let o(d) = -18*d - 1. Let s(y) be the third derivative of -y**6/120 + y**5/12 + y**4/6 + 13*y**3/6 + 11*y**2 + 2. Let k be s(6). What is o(k)?
-19
Let h(m) = -473 + 160 + m + 160 + 157. Let v be (-2)/(-4)*-3*4. Determine h(v).
-2
Let d be 9*(9/21 + 10/(-105)). Let j(h) = -9*h + 21. Determine j(d).
-6
Let j(h) = -16*h + 43. Let q be j(2). Suppose 3*k = -4*z - 4, -k - 3 = -z - q. Let v(b) be the third derivative of b**4/8 + 2*b**3/3 + b**2. Calculate v(z).
-8
Let k be (-440)/(-100) - (-4)/(-10). Let l(g) = -g**2 + g - 1. Let d(s) = 4*s**2 - 5*s + 5. Let j(o) = d(o) + 2*l(o). Give j(k).
23
Let b(i) = -26*i + 42*i - 20*i. Suppose -17 - 18 = -5*x. What is b(x)?
-28
Let a be ((-36)/(-90))/(18/315)*(-2)/(-4). Let h(t) be the first derivative of 2/3*t**3 + 7*t - a*t**2 + 8. Calculate h(5).
22
Let m(r) = -26*r - 18. Suppose -1599*f + 1595*f = -w - 8, -2*f + 4 = 3*w. Calculate m(w).
-18
Let s(y) = 2*y - 2. Let u(o) = -60*o - 311. Let z be u(-14). Let f = 527 - z. Give s(f).
-6
Suppose -2*c - 510 = -7*c. Suppose -14*g + c - 60 = 0. Let j(m) be the third derivative of m**4/8 - 2*m**3/3 + m**2. Determine j(g).
5
Let i(v) = -96 - v - v**2 + 56 + 47. Let x = 3585 + -3591. Det